 digit of f(b)?
2
What is the hundreds digit of ((-7)/(-3))/((-55)/(-72435))?
0
Suppose -c - 2*m + 4 + 9 = 0, -34 = -4*c + m. Suppose 0 = -c*y + 413 + 820. What is the hundreds digit of y?
1
Let b = 89 - 87. What is the tens digit of 9*20 + b + -2?
8
Suppose 304 = -2*r + 1366. Let a = -342 + r. What is the units digit of a?
9
Suppose 5*h - 34 = -9. Suppose -343 = -h*f - 13. Let i = f - 35. What is the tens digit of i?
3
Let p be 3*(-6)/(-45)*5. Suppose -p*h - 5*x = 11, 1 = -4*h - 4*x - 3. What is the units digit of 13/h + 2/4?
7
Let p = -132 + 59. Let d = -22 - p. What is the units digit of d?
1
Suppose q = -c + 2, c + c - 12 = 2*q. Suppose v - 4*s = 24, 0*s = -v - c*s + 40. Suppose 2*h - i - v = 0, h + i + 2*i = 16. What is the units digit of h?
6
Let r be 4/(-14) + 10/(-14) + 1. Let t(n) = -n**3 - 2*n**2 + 119. What is the tens digit of t(r)?
1
Suppose -8*f - 1431 = 625. Let z = -162 - f. What is the tens digit of z?
9
Suppose 0 = 5*h - 37 + 12. Suppose 0 = -3*s + h*s - 6. Suppose n + s*a + a - 16 = 0, -5*n + 3*a + 80 = 0. What is the tens digit of n?
1
Let b be ((135/(-20))/(-9))/(1/4). Let f(y) = 3*y**3 + y**2 + 1. What is the units digit of f(b)?
1
Let t(o) = o**2 - 4*o - 12. Let w be t(6). Suppose 4*x - 4*l - 168 = w, -l + 4*l = -x + 22. What is the units digit of x?
7
Suppose 3*n + 26 = 4*z, 17 = 5*z - 3*n - 14. What is the hundreds digit of -3*z/((-45)/318)?
1
Let s(n) be the second derivative of -2*n**3/3 - 17*n**2/2 - 12*n. What is the tens digit of s(-9)?
1
Let v be ((-22)/3)/(0 - (-8)/12). Let x(a) = -a**2 - 7*a - 5. Let f be x(-4). Let o = f - v. What is the units digit of o?
8
Suppose 0 = 4*o + 2*b - 18, 4*o = -5*b + 12 + 9. Suppose 95 = o*h - h - 5*f, -3*f = -6. What is the units digit of h?
5
Suppose 5*b - 4*i - i - 80 = 0, -3*i = -3. Let l = -21 + b. What is the tens digit of 140/(-15)*6/l?
1
Let f(j) = 2*j + 10. Let s be f(7). Suppose -4*n = -s - 64. What is the tens digit of n?
2
Let i = -19 + 22. Suppose 15 = i*n - 3. What is the units digit of n?
6
Let a(g) = 1 + 11*g**2 - 36*g**3 - 10*g**2 + 0*g**3 + 2*g. What is the tens digit of a(-1)?
3
Let q(w) = 15*w**2 + 3*w + 8. Let o be q(-5). Let h = o - 250. What is the tens digit of h?
1
Suppose -2*d = 3*d - 290. Let f = d - 16. Suppose 2*x + 0*x = f. What is the units digit of x?
1
Let t = -40 - -696. What is the hundreds digit of t?
6
Let b(h) = -2*h - 8. Let q = -1 + -12. What is the tens digit of b(q)?
1
Let b(c) = -c**2 - 24*c - 15. What is the tens digit of b(-18)?
9
Let s = -1017 - -2961. What is the tens digit of s?
4
Suppose 4*s - s = 15, 4*s - 41 = -3*i. Let h(m) = 18*m - 6. Let d be h(i). What is the units digit of (-1)/(-7) + d/42?
3
Let v be (-4)/10 + 534/(-15). Suppose -5*g = -t + 82, -5*t + 2*g + g = -300. Let b = t + v. What is the tens digit of b?
2
Suppose 4*p + 2*h = 128, -2*h + 20 = 3*h. Suppose -80 + p = -2*a. Let z = a - 13. What is the units digit of z?
2
Let r be 285/12 - 2/(-8). Suppose -5*s - r = -9*s. Let w = 6 + s. What is the tens digit of w?
1
Let h(l) be the first derivative of 0*l - 4 + 7/2*l**2. What is the units digit of h(6)?
2
Suppose -t + 6 = -4*t. Let p = 5 - 9. What is the units digit of (p - 8)/(t/1)?
6
What is the tens digit of -3 + 3336/16*4?
3
Let j(z) = z**2 + z + 6. Let k be j(0). Suppose x = k*x. Suppose -4*d - 3*v + v + 22 = x, -4*v = 4*d - 24. What is the units digit of d?
5
Let i be 8/(-36) - 114/(-27). Suppose 132 = i*o - 480. What is the hundreds digit of o?
1
Let f(j) = -11*j**3 - 2*j**2 - 11*j - 118. Let v(k) = 5*k**3 + k**2 + 5*k + 59. Let x(t) = 6*f(t) + 13*v(t). What is the units digit of x(0)?
9
Let z be 262/4 + 11/22. Suppose -6*g + 126 = -z. What is the tens digit of g?
3
Let d = -33 + 114. Suppose 0 = h - f + 4*f - d, 5*h - 333 = 3*f. What is the units digit of h/15 + 6/15?
5
Let w(v) = 137*v - 12. What is the hundreds digit of w(3)?
3
Let g(l) be the second derivative of -5*l**3/6 - 6*l**2 + 12*l. What is the units digit of g(-13)?
3
Let p be 3/(-2)*(2 + -4). Suppose 4*f - 2*m = 3*m + 81, 0 = -p*f + 4*m + 62. What is the units digit of (-12)/(-42) - (-24)/f?
2
Suppose 0 = -6*o - 410 - 526. Let c = o + 331. What is the hundreds digit of c?
1
Suppose 1605 = 2*a + 4*c - 1445, 0 = 3*c + 15. What is the hundreds digit of a?
5
Let c(q) = 22*q**2 - 3*q + 35. What is the units digit of c(4)?
5
Suppose -1076 - 2269 = -3*k. What is the tens digit of k?
1
Let k = -3 + 3. Suppose 2*o - 6*o - 3*b = -493, k = -2*b - 10. What is the units digit of o?
7
Let u(s) = s**3 - 2*s**2 - 7*s + 6. Let d be u(3). Let b(n) = -5*n - 10. What is the tens digit of b(d)?
2
Let a = 9 - 10. Let k = -3 + a. What is the units digit of (-2)/(-8) - 79/k?
0
Let i(x) = -x**3 - 14*x**2 + 15*x + 5. Let c be i(-15). Suppose -3*p = -6, c*f - 3*p - 136 = 118. What is the units digit of f?
2
Let x = -1367 - -3144. What is the hundreds digit of x?
7
Suppose 0 = 2*h + 5 - 9. Suppose h*p - 6*p + 360 = 0. What is the tens digit of (12/8)/(3/p)?
4
Suppose -p + 196 + 856 = m, -p + 5*m + 1040 = 0. What is the units digit of p?
0
What is the hundreds digit of 23/253 - (-47253)/33?
4
Let o be 8/2 + -7 + 15 + -8. Let m(c) = -c**2 + c + 3. Let w be m(0). Suppose o = w*q - q. What is the units digit of q?
2
What is the units digit of (-10 - (-351)/36) + (-7313)/(-4)?
8
Let a(v) = -v**2 - 11*v - 13. Let x be a(-9). Suppose -4*p + 179 = w, w + x*p = 2*p + 177. What is the tens digit of (-1 + w/(-6))*-2?
5
Let o be (-4 - -1)/((-3)/(-8)). What is the units digit of o/14 + (-17794)/(-98)?
1
Suppose 0 = 3*s + 9 + 42. Let x = s + 20. What is the tens digit of x + (276/3)/2?
4
Let x(n) = -n**3 + 11*n**2 + 11*n - 5. Let c be x(8). Suppose 4*z = 3*v + c, 2 + 1 = -3*v. Let j = z + -46. What is the tens digit of j?
2
Suppose 3*a = 3*h + 3, 4*h + 2*a - 3 = -a. Suppose -82 - 29 = -3*n + 3*y, -2*n + 4*y + 66 = h. Let t = -28 + n. What is the units digit of t?
3
Suppose -5*h - 2*r = -1382 - 0, 2*h - 3*r - 568 = 0. What is the units digit of h?
8
Suppose -2*r - 3*j + 2643 = 0, j = -4*r - r + 6640. What is the units digit of r?
9
What is the tens digit of 3632/(32/4) + 7?
6
Suppose -2*b - 9 = v + 3, 3*v = -4*b - 24. Let k be (-1 - -5) + b + 68. Suppose -i - 19 = -k. What is the tens digit of i?
4
Let g = 67 + -64. What is the tens digit of 9/27 - (-1)/(g/446)?
4
Let m = 6 - 5. Let v be (1 - m) + 2 + 3. Let g = 17 + v. What is the units digit of g?
2
Suppose 5*v = -2*q + 16468, -v + 5*q + 9856 = 2*v. What is the hundreds digit of v?
2
Suppose -z - 48 = 27. Let o = z + 134. What is the tens digit of o?
5
Suppose -5*a = -3*n - 0*n - 5102, 4*n + 2038 = 2*a. What is the thousands digit of a?
1
Let t = 179 + -78. Suppose -t = -3*w + 13. What is the units digit of w?
8
Suppose 5*a + 5 = 4*g + 4, g = 4*a + 3. Let i(v) = -6*v + 16. Let w(b) = -b. Let h(t) = a*i(t) + 12*w(t). What is the units digit of h(-11)?
0
Let r(y) = 60*y + 74. What is the hundreds digit of r(19)?
2
Let g(c) = 30*c**3 + 7*c**2 + 2*c - 2. What is the tens digit of g(3)?
7
Suppose 2*b + 33 + 164 = 3*i, -2*b - 260 = -4*i. What is the units digit of i?
3
Suppose -3*x = 3*f - 33, 0 = 5*f - 3*x - 0 - 39. Let v = f - 6. Suppose -3*b - 6 = 0, 2*z + v*b - 24 = 6*b. What is the units digit of z?
9
Let f = 2523 + -808. What is the tens digit of f?
1
Suppose 4*h = -3*n + 689, 4*h - 460 = -2*n + 2*h. Suppose -s - 5*o = s - n, 4*s + 2*o - 422 = 0. What is the tens digit of s?
0
Let f = -6 - -8. What is the units digit of (67*(-1)/(-3) + f)*3?
3
Suppose 3*y = 4*y + 2*z - 17, -115 = -5*y + 5*z. Suppose 2*g + g = y. Suppose s - 5 = g. What is the tens digit of s?
1
Let y = 176 - 114. What is the units digit of 4030/y + 1 + 2/2?
7
What is the thousands digit of (-4)/(((-16)/56)/(1650/14))?
1
Let x be -6 + 2 - -1 - -9. Suppose x*n - 84 = 3*n. What is the units digit of n?
8
Suppose -2*d = 0, d - 5*d - 106 = 2*z. Let u = -199 + 99. Let t = z - u. What is the units digit of t?
7
Suppose 4*l = -2*v + 3929 + 1797, -2*l = 5*v - 2859. What is the thousands digit of l?
1
Suppose 3*x + 18 = 9, -2*v = -2*x - 1632. What is the tens digit of v?
1
Let l(h) = -2 + 0*h + 0 + 0 - h. What is the units digit of l(-5)?
3
Let l = 361 - 137. Let k = l + -17. What is the units digit of k?
7
Let g(y) = 17*y**2 + 57*y - 7. What is the hundreds digit of g(-10)?
1
Le